pose -3*f - f + 744 = 0. Let j = f - 116. What are the prime factors of j?
2, 5, 7
Suppose 9209 + 14855 = 47*j. List the prime factors of j.
2
What are the prime factors of 1325 + ((-9)/4)/((-63)/(-168))?
1319
Suppose n = -2*n + 27. Suppose -19*c + 18*c + n = 0. Let z = c - -39. What are the prime factors of z?
2, 3
Let s(k) = 20*k + 227. List the prime factors of s(11).
3, 149
Let r = -224 - -251. List the prime factors of r.
3
Let c(w) = -w**3 + 45*w**2 - 22*w - 87. What are the prime factors of c(44)?
881
Suppose -28 = -5*f - 3. Suppose -5*k = -f*a + 5 + 380, -6 = -2*k. What are the prime factors of a?
2, 5
Let k(d) = -194*d**3 + d**2 - 1. Let w be k(1). List the prime factors of (-10)/(-20)*(0 + -4) - w.
2, 3
Suppose -5*o + 4*o + 29 = h, -2*h = -3*o - 48. Let w = 7 + h. List the prime factors of w.
2, 17
Suppose -799*a + 718 = -797*a. List the prime factors of a.
359
Let t(x) = x + 7. Let c be t(-4). Suppose 65 = -c*w + 251. Let l = 87 - w. List the prime factors of l.
5
Suppose f + f - 3 = k, 4*k - 40 = -5*f. Suppose 0*s + 2*s = 0. Suppose -f*z + 20 = s, -4*z + 29 = w - 16. List the prime factors of w.
5
Suppose 0 = 4*q + 16, -2*a - q - 38 = 46. Let p = a - -65. Suppose p - 160 = -3*v. List the prime factors of v.
3, 5
What are the prime factors of 5*24/90*291?
2, 97
Let v(u) = -u**3 + 6*u**2 + u + 9. Let w be v(4). Suppose 0 = j + w - 107. What are the prime factors of j?
2, 31
Let t(d) = -3*d**2 - 7*d - 12. Let c be t(-3). What are the prime factors of c/(-30) - 342/(-5)?
3, 23
Suppose 2*a + 302 = -a - 4*t, -2*a = 4*t + 200. What are the prime factors of (-1)/2 - a/12?
2
Let t(v) = -528*v + 252. List the prime factors of t(-10).
2, 3, 461
Suppose 3*m = -5*g + 2100, 5*g + m = 8*g - 1246. List the prime factors of g.
3, 139
Let f(o) = -o - 8. Let c be f(-9). Let n be c + 3/(-1 - -4). Suppose -r + n*r = 5. What are the prime factors of r?
5
Suppose -5*w + 5 = -10. Let y be (-5)/w - (-2)/3. List the prime factors of 34/(1 + 0 - y).
17
Let b be 400/(-18) + (-2)/(-9). Let r = -59 + 16. Let g = b - r. List the prime factors of g.
3, 7
Suppose 3*q + 197 - 986 = 0. Let g = q + -172. List the prime factors of g.
7, 13
Let w be (-2 - -20)*2/6. Let z(x) = x**2 - 6*x + 2. Let i be z(w). What are the prime factors of -3 - -12*(i - 0)?
3, 7
Let j(r) = -46*r - 7. Let k(g) = 93*g + 13. Let x(t) = 10*j(t) + 6*k(t). What are the prime factors of x(3)?
2, 151
Let d = 1957 + -862. List the prime factors of d.
3, 5, 73
Suppose 2*g + 4*g - 30 = 0. Suppose -u + 23 = -0*u + 2*r, -g*u + 3*r = -102. List the prime factors of u.
3, 7
Let g(u) = 3*u**2 - 4*u - 1. Let q be g(3). Let k = 30 - 1. Let i = q + k. What are the prime factors of i?
43
Suppose -4*k = -2*m - 1070, 2*k = k - 3*m + 264. List the prime factors of k.
3, 89
Suppose 109 - 499 = -5*c + k, -5*k = -2*c + 133. Let o = -4 + c. What are the prime factors of o?
3, 5
Let r = 1364 - 971. What are the prime factors of r?
3, 131
Suppose 9*p + 8 = 11*p. Suppose 10*u - 5*u = 5*v + 25, -4*v + 4 = p*u. List the prime factors of (1 - u)/(22/(-671)).
61
Let n = -1062 - -3057. What are the prime factors of n?
3, 5, 7, 19
List the prime factors of (-9 - -6)*(-2756)/12.
13, 53
Let d(x) = 46*x**2 - 12*x - 32. Let i be d(-4). What are the prime factors of (i/64)/((-1)/(-4))?
47
List the prime factors of 2/(-3)*(-3340 + 12 + -14).
2, 557
Suppose -4*c + 3356 = 4*q, -3*c + 470 = -4*q - 2033. List the prime factors of c.
3, 31
Let h(f) = -35*f - 22. Let w be 6/(-5 + (-20)/(-5)). List the prime factors of h(w).
2, 47
Let k(t) = -t - 6. Let i be k(-4). List the prime factors of 3/((-6)/44*i).
11
Let a = -28 + 15. Let m = 15 + a. Suppose -5*x + 88 = m*f, -3*x = -2*x + 4*f - 32. List the prime factors of x.
2
Let x(q) = 104*q**2 - 7*q + 7. List the prime factors of x(1).
2, 13
Suppose y = -2*y + 162. Suppose -4*z = -30 - y. List the prime factors of z.
3, 7
Suppose 15*u - 2*u = 0. Let m be ((-18)/(-15))/(2/10). Suppose w + m = -4*s - 2, w - 5*s - 28 = u. List the prime factors of w.
2
Suppose -v = 5*r - 183, -5*v - 5*r + 267 = -588. List the prime factors of v.
2, 3, 7
Let a(n) = -5*n**3 - 5*n**2 + 14*n + 33. Let w(k) = 14*k**3 + 15*k**2 - 43*k - 98. Let v(h) = -11*a(h) - 4*w(h). List the prime factors of v(-8).
7, 11
Let f(l) = l**3 + 4*l**2 - l - 2. Let n be f(-4). Suppose 3*k - n*c = -c + 457, 765 = 5*k - 5*c. Suppose k = -0*v + 4*v. What are the prime factors of v?
2, 19
Let t(k) = 9*k**2 - 19*k + 4. Let b(o) = -5*o**2 + 10*o - 2. Let q(r) = 7*b(r) + 4*t(r). Let d be q(6). Suppose d*j - 69 = 31. List the prime factors of j.
2, 5
Let p(g) = 3*g**3 - 5*g**2 - 12*g + 28. Let l be p(5). List the prime factors of l + 0 - (6 - 6/1).
2, 109
Let y(h) = h**3 + 4*h**2 - 5*h + 4. Let s be y(-5). Let f(w) be the first derivative of w**3/3 + 3*w**2/2 - 3*w + 72. What are the prime factors of f(s)?
5
Let w = 146 - 100. Suppose 16*s - w = 14*s. What are the prime factors of s?
23
Let o(l) = 11*l**3 - 15*l**2 + 19*l - 8. Let a(q) = 5*q**3 - 8*q**2 + 9*q - 4. Let m(f) = -9*a(f) + 4*o(f). What are the prime factors of m(6)?
2, 5, 19
Suppose 0 = a - 3*a + 2. Let k be a/((-1)/(-68) + 0). Suppose r + 6*p - p = k, 2*r + p - 118 = 0. What are the prime factors of r?
2, 29
Let o be (45/(-54))/(1/(-30)). Suppose -4*y = 9 - o. Suppose 2*w - a = 50, a + y*a + 50 = 2*w. What are the prime factors of w?
5
Let s(q) = q**2 - q + 14. Let k be s(0). Let n = k - -3. List the prime factors of n.
17
Suppose -3*g - 865 - 222 = -z, -z + 1087 = -5*g. What are the prime factors of z?
1087
Let r(u) = 15*u**2 + 37*u + 232. List the prime factors of r(-17).
2, 11, 179
Suppose 137 - 17 = 5*m. Suppose m = 7*g - 5*g. What are the prime factors of (-2*1)/(g/(-138))?
23
Suppose -4*d + 39 = 31. What are the prime factors of (-1)/2 - (-339)/d?
13
Suppose -2*x + 0*v + 3*v + 9 = 0, 3*x + v = 8. Let a be 4/(-8)*0/x. What are the prime factors of 25 - a - -1 - 3?
23
Let f = -970 + 993. Let y = -3 + 15. Let o = f - y. List the prime factors of o.
11
Let s = -222 + 305. What are the prime factors of s?
83
Let j(r) = -7*r - 333*r**3 + 5*r**2 + 334*r**3 + r + 2. List the prime factors of j(-6).
2
List the prime factors of (-2)/4*(-561 + 15/(-3)).
283
Suppose n + 2*z - 103 = 0, 5*z + 111 = 4*n - 327. Let c = 318 - n. What are the prime factors of c?
211
Suppose 1845 = 5*n - 10350. List the prime factors of n.
3, 271
Suppose d - 5*d = 88. Let u = d - -26. Let w = u - -7. What are the prime factors of w?
11
Let a(y) = y**2 - 6*y - 1. Let v = 54 - 58. What are the prime factors of a(v)?
3, 13
Suppose 12*t - 1516 = 13160. What are the prime factors of t?
1223
Let o(g) = g**2 - 6*g + 4. Let p = -7 + 13. Let s be o(p). What are the prime factors of 114*(s - 22/6)?
2, 19
Suppose -2*k = -0*j - j - 507, 0 = -3*k + 5*j + 778. Let x = 353 - k. Suppose -5*b = 2*l - 43, 3*l = -5*b - 35 + x. What are the prime factors of l?
2, 3
Let g be 4/((-8)/6) - -4. List the prime factors of (g - -28) + (-5 - -9).
3, 11
Let f be 9 + -6 + (-1 - 0). Suppose -2*c + 0*c = 4*j - 8, -f*j = -c - 4. List the prime factors of j.
2
Let k = -2749 + 4096. List the prime factors of k.
3, 449
Let r(l) = 134*l + 8. What are the prime factors of r(7)?
2, 11, 43
Suppose -5*r + 1090 = -n, 4*r - 5*n - 896 = -9*n. Let p = r + -102. What are the prime factors of p?
3, 13
Let w(f) = 2*f**3 + 7*f**2 - 3*f - 7. Let r = -13 - -6. Let u be w(r). List the prime factors of 2/(-5) - u/35.
3
Suppose 0 = -5*p + 3*p. Let x be (-8 - p)/(-1 - 0). Suppose -x = -2*c + 18. What are the prime factors of c?
13
Suppose -3*a + 2*a + 19 = 0. Suppose q - a = -3*y - 0*y, 0 = -2*y - 4*q + 6. List the prime factors of (-4)/(2 + y/(-3)).
2, 3
Suppose 65*m + 161743 = 448003. What are the prime factors of m?
2, 3, 367
Let m(b) be the first derivative of -b**4/4 - 4*b**3/3 + 2*b**2 + 8*b - 5. List the prime factors of m(-7).
127
Let g = -28 - 0. Let a = g + 33. Suppose a*n = 142 + 13. What are the prime factors of n?
31
Suppose 5*n + 2*s - 2524 = 0, 3*s + 426 = 4*n - 1584. Suppose 8*c = 2*c + n. List the prime factors of c.
2, 3, 7
List the prime factors of 26964/49 + (-2)/7.
2, 5, 11
Let g be ((-5)/10)/((-2)/(-168)). Let m = 25 + g. Let y = -6 - m. What are the prime factors of y?
11
Suppose 60 = -5*j - 2*a, -a + 60 = -5*j - 2*a. Let y = j - -91. Wh